8?
-766
Convert 38704 (base 10) to base 6.
455104
Convert -145052 (base 7) to base 4.
-12320003
Convert -8635 (base 9) to base 3.
-22201012
Convert 21123010 (base 4) to base 11.
26aa8
Convert 2304 (base 14) to base 4.
1133000
What is -3057 (base 8) in base 5?
-22313
What is -30062 (base 7) in base 3?
-100221102
What is -353000 (base 6) in base 12?
-15760
-6628 (base 9) to base 14
-1ad0
What is -433443 (base 7) in base 4?
-102132213
1100010000 (base 2) to base 14
400
What is -320223 (base 4) in base 3?
-11222100
-20202212 (base 3) to base 12
-2a35
Convert 3c7 (base 14) to base 4.
23323
What is -1703 (base 10) in base 11?
-1309
-1144 (base 10) to base 16
-478
-9a7 (base 15) to base 9
-2884
-a13 (base 13) to base 2
-11010101010
-41640 (base 7) to base 9
-15070
-29b (base 14) to base 4
-20101
Convert 7508 (base 10) to base 13.
3557
What is 5462 (base 8) in base 3?
10221011
Convert -1104214 (base 5) to base 8.
-45555
What is -1357 (base 13) in base 5?
-42101
-160 (base 14) to base 12
-1b4
Convert 2273 (base 9) to base 7.
4626
-20023 (base 4) to base 5
-4043
What is -2133033 (base 4) in base 12?
-5a93
Convert ac8 (base 13) to base 5.
24404
What is -414a (base 12) in base 2?
-1101111001010
What is 1011010111110 (base 2) in base 6?
42542
324 (base 8) to base 13
134
What is 14035 (base 7) in base 15?
11d4
What is 222 (base 16) in base 6?
2310
Convert 288 (base 10) to base 4.
10200
What is 120111201 (base 3) in base 14?
4197
What is -1355 (base 10) in base 5?
-20410
2771 (base 9) to base 7
6043
Convert a876 (base 11) to base 6.
150253
52061 (base 7) to base 14
48d8
Convert -62136 (base 8) to base 13.
-b906
Convert 1333403 (base 6) to base 15.
171cc
Convert -4561 (base 8) to base 2.
-100101110001
-113 (base 12) to base 4
-2133
39a2 (base 12) to base 7
25151
Convert 17163 (base 11) to base 4.
11321110
What is 25670 (base 9) in base 7?
101325
What is -4352 (base 7) in base 11?
-1195
What is 12133 (base 8) in base 7?
21123
What is 82457 (base 9) in base 5?
3214242
Convert 11480 (base 9) to base 16.
1e06
Convert 100101110111 (base 2) to base 7.
10031
Convert 34250 (base 10) to base 8.
102712
What is 10412 (base 5) in base 2?
1011011100
What is 10373 (base 10) in base 5?
312443
What is -11c (base 16) in base 12?
-1b8
-3320 (base 14) to base 16
-2290
Convert -13201122 (base 4) to base 11.
-2116a
Convert 208 (base 10) to base 16.
d0
What is 345 (base 8) in base 5?
1404
102002101 (base 3) to base 15
25dd
Convert -33339 (base 10) to base 8.
-101073
Convert 201 (base 14) to base 11.
328
Convert -38910 (base 10) to base 6.
-500050
What is -391 (base 14) in base 6?
-3151
dd05 (base 15) to base 5
2444210
Convert -4322 (base 7) to base 2.
-10111111111
What is -601 (base 12) in base 11?
-717
920d (base 14) to base 9
37380
Convert 3130 (base 5) to base 7.
1132
What is 1314313 (base 5) in base 9?
38850
-3a8b (base 14) to base 11
-7828
103010 (base 4) to base 3
1200012
-1a76 (base 11) to base 7
-10436
What is 241 (base 7) in base 3?
11201
What is 2553 (base 6) in base 13?
3a8
-12100211 (base 3) to base 13
-1a1a
What is 2131331 (base 4) in base 5?
310414
What is 2369 (base 14) in base 15?
1c64
What is 1212 (base 4) in base 3?
10210
-4213 (base 11) to base 4
-1113030
What is -7647 (base 12) in base 14?
-4a59
What is -201133 (base 5) in base 13?
-2bc9
What is 1333 (base 4) in base 15?
87
Convert 105311 (base 7) to base 10.
18677
-9599 (base 10) to base 3
-111011112
-501422 (base 6) to base 5
-2224004
Convert -3d77 (base 14) to base 13.
-4c54
3662 (base 8) to base 16
7b2
Convert -3a29 (base 15) to base 4.
-3001332
-2 (base 4) to base 9
-2
14c (base 14) to base 10
264
-10300 (base 6) to base 2
-10101111100
What is 22111210 (base 3) in base 14?
2392
Convert 10101102210 (base 3) to base 2.
10000010001100001
Convert 32958 (base 10) to base 6.
412330
Convert b6b (base 12) to base 5.
23132
Convert -1010111011 (base 2) to base 9.
-856
What is 13a4 (base 15) in base 8?
10154
141053 (base 8) to base 12
24923
What is -33023300 (base 4) in base 9?
-104272
What is 20351 (base 7) in base 10?
4985
What is 10100110000110 (base 2) in base 8?
24606
Convert 2b0 (base 13) to base 7.
1255
Convert 945 (base 10) to base 15.
430
What is -580 (base 12) in base 11?
-682
-53533 (base 7) to base 8
-31767
What is 140420 (base 5) in base 16?
1667
-1d9 (base 16) to base 9
-575
What is 460 (base 9) in base 7?
1050
What is 1100201 (base 3) in base 12?
6a7
Convert -25471 (base 10) to base 4.
-12031333
Convert 14451 (base 6) to base 13.
10a8
Convert -a80 (base 11) to base 5.
-20143
4b2 (base 16) to base 6
5322
331220 (base 5) to base 2
10110010101011
Convert 46992 (base 10) to base 14.
131a8
Convert -12625 (base 10) to base 7.
-51544
What is 18883 (base 10) in base 16?
49c3
-1648 (base 13) to base 11
-2504
What is -4121 (base 11) in base 8?
-12534
What is -b622 (base 12) in base 8?
-46672
Convert -32145 (base 6) to base 8.
-10441
What is 6d9c (base 16) in base 13?
ca06
Convert -57b6 (base 15) to base 7.
-105201
1ad1a (base 14) to base 7
403333
593 (base 13) to base 4
33011
What is 3e1 (base 15) in base 7?
2404
What is 15016 (base 7) in base 5?
113004
Convert -123 (base 8) to base 10.
-83
What is 2273 (base 8) in base 14?
627
Convert 4353 (base 7) to base 6.
11113
Convert -39a3 (base 14) to base 2.
-10011110011011
-10340 (base 5) to base 8
-1320
2a35 (base 12) to base 3
20202212
What is 1777 (base 8) in base 10?
1023
What is 110001001 (base 2) in base 3?
112120
20d9 (base 16) to base 15
2759
-822 (base 12) to base 6
-5242
668 (base 13) to base 11
910
-10243 (base 6) to base 7
-4032
What is -433 (base 7) in base 14?
-11a
What is -60000 (base 7) in base 11?
-a907
What is 221 (base 5) in base 16?
3d
-2212102 (base 3) to base 4
-200222
-2012011 (base 3) to base 2
-11000111101
Convert 626 (base 10) to base 15.
2bb
Convert -1d3 (base 16) to base 13.
-29c
1001010111000 (base 2) to base 4
1022320
What is -1011222020 (base 3) in base 8?
-55413
Convert 14fd (base 16) to base 2.
1010011111101
What is -11273 (base 9) in base 7?
-30630
What is -39b (base 14) in base 10?
-725
What is 2a6 (base 12) in base 9?
510
What is 1000000101111 (base 2) in base 16?
102f
3152 (base 7) to base 6
5055
What is -8 (base 15) in base 4?
-20
Convert -15025 (base 14) to base 9.
-78505
2111220111 (base 3) to base 5
3041004
-1270 (base 13) to base 16
-a42
Convert -2295 (base 13) to base 15.
-1689
-1001010101001 (base 2) to base 7
-16633
What is -879b (base 12) in base 8?
-35147
-9a (base 16) to base 3
-12201
-2222010 (base 3) to base 12
-1303
-154344 (base 6) to base 8
-35630
What is 10021 (base 3) in base 11?
80
What is 22013 (base 7) in base 14?
200a
What is 841 (base 9) in base 4?
22231
33891 (base 10) to base 15
a096
Convert -1993a (base 11) to base 13.
-c82a
What is 2243 (base 13) in base 4?
1022303
Convert -265 (base 7) to base 16.
-91
What is 369 (base 15) in base 9?
1050
What is 11011011100 (base 2) in base 3?
2102001
Convert -9d9 (base 15) to base 2.
-100010110101
-12491 (base 13) to base 14
-c429
Convert -8792 (base 13) to base 2.
-100100110111110
-10a2a (base 16) to base 5
-4140023
What is -1831 (base 10) in base 5?
-24311
Convert 10001 (base 8) to base 11.
3095
86c7 (base 14) to base 9
34862
-8401 (base 9) to base 14
-235b
Convert -1100000101101100 (base 2) to base 15.
-ea11
Convert -495 (base 10) to base 3.
-200100
What is -67b (base 14) in base 6?
-5541
15215 (base 6) to base 5
34314
What is -119d (base 15) in base 7?
-13633
471 (base 8) to base 6
1241
-152 (base 14) to base 5
-2033
What is 7766 (base 13) in base 16?
4106
What is 4000 (base 8) in base 15?
918
-6ad (base 15) to base 2
-10111101001
What is 21343 (base 5) in base 6?
10453
Convert -19ab (base 13) to base 5.
-110414
Convert 171 (base 12) to base 15.
104
What is 10100101110 (base 2) in base 10?
1326
Convert 21053 (base 7) to base 11.
3992
What is -1223 (base 8) in base 7?
-1631
What is 26283 (base 10) in base 3?
1100001110
Convert -1003 (base 9) to base 8.
-1334
45405 (base 11) to base 9
110118
Convert -1445 (base 10) to base 3.
-1222112
What is 2122020 (base 3) in base 16?
783
Convert b33 (base 15) to base 16.
9db
Convert -1bc73 (base 14) to base 3.
-10121110121
Convert -100200 (base 3) to base 9.
-320
What is -1a3a (base 13) in base 2?
-111101100000
What is 4254 (